1. What is m(z)?
10
Let g be (-1)/(-2)*0 - 6. Let p = -4 - g. Let y(j) = 1 + j - j**3 - 2*j + 2*j**2 - p. Calculate y(2).
-3
Let w(f) = 11*f**2 + f. Let b be (-1 - 1 - -2)/1. Suppose b = 4*s + 1 + 3. Give w(s).
10
Let f(p) = -p**2 + 6*p. Let a(t) = -2*t**2 + 12*t - 1. Let w(u) = 6*a(u) - 13*f(u). Calculate w(6).
-6
Suppose -3*r + 9 = -2*r. Let q be r - (-4)/(-2) - 0. Let t(c) = -c**2 + 8*c - 9. Calculate t(q).
-2
Let v(r) = -9*r - 9. Let f(o) = 8*o + 8. Let t(x) = 6*f(x) + 5*v(x). Let s be (52/16 - 4) + 18/(-8). What is t(s)?
-6
Let c be (-4)/(-18) + (-260)/(-45). Let s(b) = -b**2 + 5*b + 6. Calculate s(c).
0
Let w(t) be the first derivative of t**4/4 + 3*t**3 + 5*t**2 + 6*t - 16. What is w(-8)?
-10
Let s = -16 + 3. Let i = -8 - s. Suppose -i = p - 6*p, k - 6 = -p. Let x(o) = o - 6. Calculate x(k).
-1
Let u(o) = -o**2 + o - 1. Let z = 21 - 12. Let l(t) = -5*t**2 + 4*t - 4. Let j(s) = z*u(s) - 2*l(s). Calculate j(-3).
5
Let d = 6 - 0. Let r(p) = -p + 7. Determine r(d).
1
Let q be (-1)/2*(-7 - (-7 + 2)). Let c(g) = 4*g**3. What is c(q)?
4
Let m = 20 - 12. Suppose 4*g = 2*g - m. Let y(v) be the first derivative of -v**4/4 - v**3 + 3*v**2 + 3*v + 1. Determine y(g).
-5
Let l(s) = -2 + 0 - 4 - 2*s. Let q be -3 + 7 + -4 - 4. Determine l(q).
2
Let o be (-33)/7 - 4/14. Suppose 0 = 2*p + 5*t - 28, -t + 3 = 1. Let d = o + p. Let y(k) = k**3 - 5*k**2 + 4*k + 5. Calculate y(d).
5
Suppose 0 = -3*q + 4*f - 8 - 0, f = -3*q + 17. Suppose q*z + 4 + 4 = 0. Let a(l) = -2*l - 2. What is a(z)?
2
Let l(v) = 0*v + 5*v + 6 - 2*v - 4*v. Give l(5).
1
Let y(p) = p. Suppose 2*c - 4*s = -14, -6*c = -4*c - 5*s + 18. Let j = 1 + c. Determine y(j).
2
Let m(j) = 6*j**3 + j**2 - j - 1. Let q = -6 - -8. Let w(o) = o**3 - 3*o**2 + 3*o - 1. Let c be w(q). Suppose c = b + 2. Calculate m(b).
-5
Let d(g) be the second derivative of g**4/12 + 5*g**3/6 - 2*g**2 - 15*g. Calculate d(-6).
2
Suppose -2*h = -7 - 1. Suppose 4 = 4*r + h*x, 4*r + x - 17 = -r. Let l(f) = -f**3 + 4*f**2 + 2*f - 4. Give l(r).
4
Let m(b) = 20*b**3 - 9*b**2 - 12*b - 9. Let t(v) = -7*v**3 + 3*v**2 + 4*v + 3. Let q(p) = -6*m(p) - 17*t(p). Let o be ((-18)/15)/(27/(-90)). Determine q(o).
3
Let n(k) = -k + 2. Suppose 5*f + 50 = 5*a, -f + 5*a = 2*f + 32. Let s(p) = -p**3 - 10*p**2 - 9*p - 3. Let c be s(f). Give n(c).
5
Let x(v) = 1 + 28*v - 51*v + 22*v + 15*v**2. What is x(1)?
15
Suppose -11 + 3 = 2*c. Let s(v) = v**3 + 3*v**2 - 4*v + 1. Calculate s(c).
1
Suppose 0 = 4*b + 3*q + 7, b = -0*q - 2*q + 2. Let l(s) = s**3 + 6*s**2 + 3*s. Calculate l(b).
20
Let x(g) = -3*g - 22. Let j be x(-7). Let l(m) = -m**2 - m. What is l(j)?
0
Let u(h) = 3*h + 2. Let i = 70 - 72. Give u(i).
-4
Let s(f) = f + 4. Let i(h) = 1. Let j(y) = 4*i(y) - s(y). Give j(0).
0
Let h = -1 + 1. Let o(s) = -5*s**3 + 4*s**2 + 1. Let m(a) = -4*a**3 + 3*a**2 + 1. Let b(c) = -4*m(c) + 3*o(c). What is b(h)?
-1
Let i(r) = 4*r - 5. Let s(g) = g - 2. Let n(j) = -3*i(j) + 8*s(j). Let k be n(-1). Let y(f) = -f. Give y(k).
-3
Let f(h) = -56*h - 2 + 10 + 2 + 58*h. What is f(-7)?
-4
Let a(m) = -m**2 - 2*m + 3. Let c(p) = 2*p - 6 - 3*p - p. Suppose -2*q - 1 - 1 = 2*t, -4*q + 2*t = 22. Let k be c(q). Give a(k).
-5
Let c(y) = -y**3 - 7*y**2 + y + 3. Let m be c(-7). Let u(r) = r**3 + 4*r**2 + 4*r + 4. Calculate u(m).
-12
Let x(c) = 3*c. Suppose -5*q = -39 + 14. Suppose -3*j - 1 = q. Determine x(j).
-6
Let z(d) = d**2 + d + 1. Let b(x) be the second derivative of 5*x**4/12 + x**3/6 + 5*x**2/2 - 3*x. Let c(w) = b(w) - 4*z(w). Give c(4).
5
Suppose -2 = -r + 4. Suppose 0 = -2*a - r, 2*s + 29 = 7*s + 2*a. Let g(u) = s*u**3 - 6*u**2 - 7*u - 5 + u**3 - 9*u**3. Determine g(-5).
5
Suppose 14 = -4*p + 3*i, p + 0 = 5*i - 12. Let b(m) = m - 229*m**2 - 3*m - m**3 + 226*m**2. Calculate b(p).
0
Suppose -15*k + 15 + 30 = 0. Let u(a) = a**2 - 2*a - 3. Calculate u(k).
0
Let w(a) = -a**2 + 6*a + 8. Suppose 0 = 5*s + f - 32, 2*s - 5*f + 16 = 3*s. What is w(s)?
8
Let v(q) = 3*q - 1. Suppose -2*n = -5*n + 9. What is v(n)?
8
Let f(k) = -41*k - 25. Let y(s) = 122*s + 74. Let v(o) = 14*f(o) + 5*y(o). Let w(m) = -7*m - 4. Let j(q) = -2*v(q) - 11*w(q). Determine j(-3).
-11
Let z(w) be the third derivative of -13*w**5/60 + w**4/24 - 17*w**2. Calculate z(1).
-12
Let g(o) be the second derivative of -o**8/6720 - o**7/504 + 7*o**6/720 + o**4/6 - 3*o. Let b(d) be the third derivative of g(d). What is b(-6)?
-6
Let s(z) = z + 1 - 4 - 11. Give s(7).
-7
Suppose 6 = 3*v - 0*j - 2*j, -v + 3*j + 9 = 0. Let f = v + -2. Let i(z) = 3*z**2 + 3 + 2*z**2 - 6*z**2 + 2*z. What is i(f)?
-5
Let g(i) = 3*i - 3*i + 0*i - 4 + 3*i. Give g(4).
8
Let f(s) = s**3 + 6*s**2 + 6*s + 1. Let k(n) = n**3 - 3*n**2 - 3*n + 4. Let o(v) = v**2 + 9*v - 7. Let w be o(-10). Let y be k(w). Calculate f(y).
-4
Let b(t) = t**2 + 2*t - 3. Let v(m) = m**2 - 4*m - 2. Let s be v(4). Let o be s/(-2) + -2 + 6. Suppose g = o*g + 12. Give b(g).
0
Let s(t) = 12 - 6*t + 9 - 39 + 16. Let d = 0 - 2. Give s(d).
10
Let w(p) = -p**2 + p + 2. Let d be w(2). Let f be (-1 + d + -1)/2. Let q(o) = -4*o**2 - 2*o - 1. Determine q(f).
-3
Let w(f) = -f**3 - 3*f**2 + 4*f + 2. Let q be w(-4). Let u(v) = -2*v + 4 - 2 - 3. Give u(q).
-5
Let d = 5 + -2. Suppose -k + d*k = -8. Let g(p) be the first derivative of p**2/2 - 4*p + 2. Calculate g(k).
-8
Let r(z) = -5*z + 1. Suppose 2*g - 3 = 3. Suppose -g*h + 0 = -3, 3*y - 10 = -h. Suppose -2*b - y*a = -1, 2*a = 5*b - 2*a + 9. Determine r(b).
6
Let n(v) be the first derivative of v**4/4 - 2*v**3/3 - 3*v**2/2 + 4*v + 7. Determine n(3).
4
Let w(v) = -5*v - 1. Let r be w(-1). Let a be ((-3)/(-1))/(2/2). Let n(f) = -4*f**3 - f**3 + f + f**3 - 2*f**2 + 3*f**a - r. Give n(-3).
2
Let x(y) be the second derivative of -y**4/12 + 5*y**3/6 + y**2/2 - 20*y. Calculate x(4).
5
Let n(w) = -w**2 + 5 - 3*w + 12*w - 2*w. Give n(7).
5
Let w(k) = 2*k**2 + 8*k + 2. Let t(p) = -p**2 - 4*p - 1. Let y(q) = -13*t(q) - 6*w(q). Determine y(-2).
-3
Let r(l) = -17*l**2 - 16 - 13 + 9 + 26*l. Let d(j) = -6*j**2 + 9*j - 7. Let f(g) = 11*d(g) - 4*r(g). Calculate f(3).
6
Let u(k) = -8 + 7*k**2 + 2*k**3 - 3*k**3 - 6*k + 1. What is u(6)?
-7
Let y(m) = 6*m**3 + m**2 + m. Suppose 5 = i - 0*i. Suppose -i*v - 2 = -3*v. Calculate y(v).
-6
Let r = 34 + -32. Let w(m) = m**2 + 3*m - 2. Give w(r).
8
Let o(d) be the first derivative of -d**2/2 - 2. Let i(h) = -h + 1. Let p(c) = 3*i(c) - 5*o(c). What is p(4)?
11
Suppose 35 = 4*w + w. Let y(b) = -b. Give y(w).
-7
Suppose -7 = -5*k + 2*w - 1, w = k. Suppose 0*f = f - k. Let r(b) = -b**f - 4 - 2*b - 2*b + 0*b. Calculate r(-3).
-1
Let n be (3/(-4))/((-4)/32). Let p(a) = -a**2 + 3*a + 8. Give p(n).
-10
Let m = -18 - -21. Let z(b) = -2*b + 0*b - 3 + 2 + 2. Calculate z(m).
-5
Let h(y) = -y**2 - y - 1. Let l(q) = -5*q**3 - 4*q - 3. Let a(z) = -6*z**3 - 5*z - 4. Let i(r) = -4*a(r) + 5*l(r). Let t(k) = -h(k) - i(k). What is t(0)?
0
Let d be 32/(-12) + 2/3. Let y(j) = j**3 + 2*j**2 + j + 2. Determine y(d).
0
Suppose 0 = -7*w + 11 - 46. Let a(r) = 5*r. Determine a(w).
-25
Suppose 0*u = u + 2. Let j(k) = -k**3 - 2*k - 3. Give j(u).
9
Let a(m) = 1. Let i(d) = 2*d - 7. Let h(y) = 4*a(y) + i(y). Determine h(6).
9
Let a(d) be the second derivative of -1/6*d**4 - 3*d + 1/6*d**3 + 1/10*d**5 + 0 + 0*d**2. Determine a(1).
1
Let t(n) = 2*n + 1. Let j = -7 + 11. Suppose r - j = 1. Suppose 0 = 5*b + r. Determine t(b).
-1
Let y(a) = -a**3 - 6*a**2 + 2*a + 17. Let o be y(-6). Let b(f) = 2*f. Calculate b(o).
10
Suppose 5*p = -7*p. Let o(d) = -d**3 - d**2 - 2*d - 2. Calculate o(p).
-2
Let d(n) = -2*n - 5. Let k(h) = -3*h - 10. Let g(a) = 5*d(a) - 3*k(a). Determine g(6).
-1
Let i(w) = -3*w + 3. Let j(y) = -16*y + 15. Let m(x) = 11*i(x) - 2*j(x). Give m(3).
0
Let c(k) = -2*k - 5. Let a be c(-6). Let u be (-6)/15 + 48/20. Let o(s) = -1 - 2*s + a - u. Give o(5).
-6
Let f(h) = -h**3 - 6*h**2 + 2*h - 1. Let p(j) = -j**3 + 13*j**2 + 16*j - 34. Let g be p(14). Determine f(g).
-13
Suppose 0 = g - 0 - 2. Let f(w) = w**3 - g*w + 0*w**3 - 2*w**3 - 5*w**2 + 0*w**3 - 3. Suppose -2*r - 5 = 3*i - 1, -2*i = -5*r - 29. Calculate f(r).
7
Let i = 18 + -13. Suppose 3*j - i = -2*j, 2*m = j + 5. Let v(s) = -s**3 + 2*s**2 + 4*s + 1. Determine v(m).
4
Let n(k) = -3*k - 1. Let w be n(-3). Let q(l) = 6 + 5*l**2 - 8*l + l**3 - 4*l**2 + l**2 - w*l**2. Calculate q(7).
-1
Let